) = -3*t**3 - 14*t**2 - t - 24. What is y(-5)?
6
Let h(w) = w**3 - 9*w**2 + 12*w + 12. What is h(7)?
-2
Let a(i) = i**3 + 1. Give a(0).
1
Let z(c) = c**3 + 6*c**2 + 5*c + 4. Determine z(-5).
4
Let z(d) = -5*d**2 - d - 23. Calculate z(0).
-23
Let z(m) = -5*m**2 - 42*m - 3. Determine z(-8).
13
Let i(j) = 7*j + 102. Give i(-14).
4
Let l(n) = -9*n + 57. What is l(7)?
-6
Let u(y) = y**3 + y**2 - y - 36. What is u(0)?
-36
Let s(h) = -3*h**2 + 8*h - 4. Give s(3).
-7
Let a(s) = s**2 - 9*s - 8. What is a(11)?
14
Let q(p) = -p**2 - 3*p + 10. What is q(-4)?
6
Let s(j) = j**3 - j + 10. Calculate s(0).
10
Let c(b) = b**3 - 19*b**2 + 32*b + 33. Give c(17).
-1
Let m(o) = -o**3 + 9*o**2 - 7*o - 1. Calculate m(8).
7
Let l(u) = -u**2 - 12*u + 24. What is l(-11)?
35
Let d(w) = -w**3 + 6*w**2 + 53*w - 328. Give d(6).
-10
Let w(f) = f**3 + 17*f**2 + 3*f + 16. What is w(-17)?
-35
Let k(l) = 4*l + 81. Determine k(-15).
21
Let k(a) = -a**3 + 3*a - 1. What is k(2)?
-3
Let q(n) = 9*n + 49. What is q(-5)?
4
Let o(v) = -11*v**3 - 2*v**2 - 2*v - 1. Determine o(-1).
10
Let a(i) = i**3 - i**2 - 4*i + 19. Give a(0).
19
Let y(m) = 5*m + 174. What is y(-29)?
29
Let s(u) = u + 15. Give s(-4).
11
Let z(h) = h**2 - 15*h - 32. Determine z(17).
2
Let i(k) = 20*k - 50. Give i(4).
30
Let b(y) = -y**3 - 8*y**2 + 5*y - 34. Calculate b(-9).
2
Let x(o) = 4*o + 10. Calculate x(0).
10
Let k(r) = -r**3 - 2*r + 12. Give k(-4).
84
Let j(z) = -11*z - 2. Calculate j(-2).
20
Let f(u) = 17*u + 8. Determine f(4).
76
Let m(z) = -z**3 - 7*z**2 - 8. What is m(-7)?
-8
Let q(z) = -z**2 - 2*z + 28. Determine q(0).
28
Let u(f) = 127*f + 1528. Determine u(-12).
4
Let x(u) = -u - 3. Give x(-15).
12
Let y(v) = v**2 - 5*v. Give y(12).
84
Let k(h) = -h**3 + 12*h**2 + 12*h + 18. Calculate k(13).
5
Let r(a) = -a - 11. Determine r(-5).
-6
Let s(x) = 2*x - 18. Determine s(5).
-8
Let r(n) = -61*n + 26. What is r(-1)?
87
Let q(o) = -3*o**2 + 37*o + 80. Determine q(-2).
-6
Let m(r) = -4*r - 28. What is m(-7)?
0
Let r(w) = 4*w - 14. Give r(5).
6
Let b(f) = 3*f - 16. Determine b(12).
20
Let c(p) = p + 14. Give c(11).
25
Let j(i) = 2*i + 3. Give j(17).
37
Let j(h) = h - 11. Determine j(10).
-1
Let c(i) = i + 26. Determine c(11).
37
Let s(b) = -b**3 - 21*b**2 - 36*b + 23. Determine s(-19).
-15
Let u(q) = 6*q - 24. Determine u(6).
12
Let p(o) = -o**3 + 5*o**2 + 13*o - 26. Determine p(5).
39
Let m(q) = q**3 - 5*q**2 - 9*q + 10. Calculate m(6).
-8
Let w(x) = -7*x**3 + x**2 + 2*x + 3. Determine w(-2).
59
Let k(n) = -4*n**2 - 16*n - 8. What is k(-8)?
-136
Let d(s) = s - 1. What is d(20)?
19
Let m(q) = -q**2 + 10*q - 3. Give m(10).
-3
Let a(b) = -b + 1. Determine a(6).
-5
Let b(p) = 2*p**2 - 2*p - 20. What is b(0)?
-20
Let c(p) = 10*p + 444. What is c(-44)?
4
Let p(h) = 30*h**3 + h**2 - 2*h + 2. Give p(1).
31
Let g(d) = d - 19. Calculate g(17).
-2
Let d(v) = v**3 - 7*v**2 + 8*v + 3. Give d(6).
15
Let o(r) = 3*r + 12. Give o(-4).
0
Let n(j) = j**2 + 14*j + 29. Calculate n(-12).
5
Let g(h) = -h**2 - 56*h - 685. Calculate g(-18).
-1
Let m(b) = -2*b**3 - 3*b**2 - 4*b - 7. What is m(-2)?
5
Let p(l) = l**3 + 13*l**2 + 11*l - 15. Give p(-12).
-3
Let f(a) = 3*a + 17. Calculate f(-3).
8
Let n(b) = 2*b - 46. Calculate n(0).
-46
Let j(p) = -8*p - 1. Give j(2).
-17
Let l(r) = -r + 8. Calculate l(7).
1
Let d(c) = c**3 - c**2 - 3*c - 1. Give d(2).
-3
Let a(n) = -n**3 + 2*n - 1. Calculate a(-3).
20
Let i(n) = -34*n - 784. Calculate i(-23).
-2
Let i(v) = 21*v + 11. Calculate i(3).
74
Let x(f) = -19*f + 113. Give x(6).
-1
Let r(b) = b**2 - 17*b + 33. Calculate r(16).
17
Let b(m) = -m**2 - 16*m - 8. Determine b(-15).
7
Let b(m) = m**2 + 11*m - 7. Give b(-5).
-37
Let v(g) = 4*g**3 - 19*g**2 - 2*g - 9. Calculate v(5).
6
Let i(m) = 16*m - 89. Calculate i(6).
7
Let t(x) = x**3 + 29*x**2 + 115*x + 377. Calculate t(-25).
2
Let s(m) = 16*m + 139. Calculate s(-9).
-5
Let y(c) = c**2 - 5. What is y(4)?
11
Let y(k) = -6*k**2 + 6*k + 1. Determine y(3).
-35
Let d(x) = -5*x**3 + 3*x**2. What is d(2)?
-28
Let a(h) = -2*h**2 + 10*h - 9. Calculate a(8).
-57
Let u(s) = -68*s + 452. Determine u(7).
-24
Let d(l) = -3*l**3 + 78*l**2 + 8*l - 211. Give d(26).
-3
Let x(d) = -d**2 - 6*d + 3. What is x(-6)?
3
Let k(n) = n**2 - 6*n - 18. Determine k(9).
9
Let i(l) = -l**2 + 13*l - 8. Calculate i(12).
4
Let k(f) = -f**3 - 70*f**2 - 59*f + 688. Determine k(-69).
-2
Let j(i) = 2*i**2 - 24*i + 43. Determine j(2).
3
Let w(f) = -f + 28. Determine w(17).
11
Let g(i) = i**3 + 8*i**2 - 7*i + 22. Give g(-9).
4
Let q(o) = o**2 + 8*o - 1. Calculate q(0).
-1
Let h(u) = 2*u - 6. Calculate h(-8).
-22
Let v(m) = -5*m**2 - 6*m - 20. Determine v(-5).
-115
Let n(m) = 70*m - 16. What is n(3)?
194
Let k(a) = -33*a + 327. Determine k(10).
-3
Let o(l) = -2*l**3 + 9*l**2 - 4*l - 9. Determine o(3).
6
Let j(c) = c - 9. What is j(11)?
2
Let a(f) = -f**2 - 12*f + 28. Calculate a(-14).
0
Let i(g) = 2*g**2 + 4*g + 2. Determine i(-2).
2
Let r(v) = v**2 + 9*v - 11. Give r(-9).
-11
Let j(w) = w**3 - 7*w**2 + 6*w + 9. Calculate j(6).
9
Let k(j) = -6*j**2 + 8. Calculate k(3).
-46
Let m(z) = -47*z**3 - z**2 + 1. Calculate m(1).
-47
Let o(c) = -7*c + 7. Determine o(-6).
49
Let d(b) = 2*b**2 - 23. Give d(4).
9
Let h(n) = -11*n**2 + 261*n + 73. Determine h(24).
1
Let v(g) = -g**2 - 9*g - 18. Give v(-8).
-10
Let a(f) = 10*f - 10. Calculate a(5).
40
Let g(j) = j**2 - 5*j + 2. What is g(6)?
8
Let h(q) = -2*q**2 - 18*q - 22. Calculate h(-9).
-22
Let j(v) = 3*v + 3. What is j(-13)?
-36
Let m(z) = z**3 + 3*z**2 - 3*z + 1. What is m(-4)?
-3
Let u(z) = 2*z**3 + 11*z**2 + 9*z + 1. Give u(-5).
-19
Let y(d) = 2*d**2 - 5*d + 13. Determine y(4).
25
Let j(g) = g**3 + 3*g**2 - 9*g - 2. Determine j(-4).
18
Let f(o) = o**2 - 7. Give f(-5).
18
Let p(j) = -2*j**2 + 9*j - 5. What is p(4)?
-1
Let l(y) = -y**2 + 10*y - 18. What is l(8)?
-2
Let d(i) = i + 11. What is d(-14)?
-3
Let a(o) = -3*o + 26. Calculate a(0).
26
Let i(w) = -w**2 + 3*w + 9. Give i(-4).
-19
Let o(l) = -l**2 + 11*l + 133. What is o(-7)?
7
Let v(b) = -3*b**2 - 13*b + 12. Calculate v(-6).
-18
Let x(g) = g**3 + 6*g**2 + 4*g + 8. Determine x(-6).
-16
Let g(h) = -9*h - 18. What is g(-4)?
18
Let g(h) = -2*h**2 - 17*h + 6. Calculate g(-9).
-3
Let f(h) = -h**3 - 21*h**2 - 39*h - 20. Give f(-19).
-1
Let l(b) = b**3 - 8*b**2 + 3*b - 12. Give l(8).
12
Let g(s) = -2*s**2 + 30*s - 53. Give g(13).
-1
Let i(h) = 17*h - 4. Give i(-2).
-38
Let d(g) = -g + 10. Calculate d(9).
1
Let a(p) = p**2 + 23*p + 45. Determine a(-17).
-57
Let y(f) = -35*f - 672. Calculate y(-19).
-7
Let b(v) = -3*v + 22. Calculate b(6).
4
Let q(t) = -t - 28. Give q(-18).
-10
Let h(b) = b**3 + 15*b**2 - 15*b + 17. Calculate h(-16).
1
Let g(j) = 37*j**2 - j. Give g(-1).
38
Let s(d) = -d**2 + 5*d + 3. Give s(4).
7
Let x(m) = -m**2 + 18*m + 23. What is x(19)?
4
Let p(c) = -47*c + 1. Calculate p(2).
-93
Let g(j) = -10*j**3 - 4*j**2 - 3*j - 2. Give g(-1).
7
Let o(v) = v**3 - 3*v**2 - 2*v - 3. What is o(4)?
5
Let u(x) = 2*x**3 + 5*x**2 - 4*x + 1. Determine u(-3).
4
Let h(t) = -2*t**3 + 6*t**2 - 8*t + 7. Calculate h(5).
-133
Let d(f) = -f**3 - 9*f**2 + 6*f - 40. Calculate d(-10).
0
Let u(m) = m**3 + 14*m**2 + 24*m - 12. Give u(-12).
-12
Let b(h) = h**3 + 6*h**2 + 8*h + 6. Determine b(-5).
-9
Let z(w) = 23*w**2 + 22*w - 1. What is z(-1)?
0
Let z(s) = s**3 + 25*s**2 - s - 11. Calculate z(-25).
14
Let t(n) = -n**2 - 23*n - 72. Determine t(-19).
4
Let a(o) = 2*o + 1. Calculate a(-1).
-1
Let k(i) = -4*i**3 - i**2 + 2*i. Determine k(-2).
24
Let x(m) = -30*m - 1. Calculate x(1).
-31
Let x(d) = -2*d + 8. Calculate x(10).
-12
Let h(y) = y**2 + 6*y - 7. Give h(-9).
20
Let o(u) = 11*u + 32. Determine o(0).
32
Let a(l) = -l**3 + 14*l**2 + 14*l + 10. Give a(15).
-5
Let y(r) = -5*r**2 + 13*r - 3. Determine y(7).
-157
Let f(c) = 5*c - 172. Determine f(33).
-7
Let h(u) = -2*u - 3. Calculate h(0).
-3
Let a(r) = -15*r**2. Determine a(1).
-15
Let v(o) = -o**2 + 20*o - 14. What is v(20)?
-14
Let n(a) = -8*a + 248. Calculate n(34).
-24
Let l(x) = -x - 23. Calculate l(7).
-30
Let v(i) = 3*i**3 + i**2 - i + 1. Determine v(-2).
-17
Let b(l) = l**3 - 3*l**2 + l + 10. Determine b(6).
124
Let g(n) = -3*n**2 - 202*n - 58. Calculate g(-67).
9
Let f(h) = -h**2 - 7*h + 19. Give f(-11).
-25
Let c(x) = -x**2 - 4*x + 3. Give c(-5).
-2
Let f(